 7, 1699
List the prime factors of 5371613.
13, 413201
List the prime factors of 727586.
2, 19, 41, 467
What are the prime factors of 210764?
2, 52691
List the prime factors of 48734.
2, 7, 59
What are the prime factors of 2755614?
2, 3, 61, 7529
What are the prime factors of 1588328?
2, 7, 113, 251
What are the prime factors of 486218?
2, 243109
List the prime factors of 32177685.
3, 5, 17, 257, 491
List the prime factors of 10943815.
5, 593, 3691
What are the prime factors of 608468?
2, 7, 31, 701
What are the prime factors of 289990?
2, 5, 47, 617
What are the prime factors of 229818?
2, 3, 38303
List the prime factors of 6408868.
2, 359, 4463
List the prime factors of 3753485.
5, 23, 127, 257
List the prime factors of 460251.
3, 11, 4649
List the prime factors of 34162314.
2, 3, 23, 247553
List the prime factors of 7481.
7481
What are the prime factors of 24915498?
2, 3, 19, 11503
What are the prime factors of 19276847?
41, 470167
List the prime factors of 408665.
5, 37, 47
What are the prime factors of 247042?
2, 149, 829
What are the prime factors of 3120567?
3, 1040189
What are the prime factors of 3233391?
3, 7, 79, 1949
List the prime factors of 1209133.
23, 52571
What are the prime factors of 360120?
2, 3, 5, 3001
List the prime factors of 17812.
2, 61, 73
What are the prime factors of 168997?
17, 9941
What are the prime factors of 3896311?
19, 205069
What are the prime factors of 10087863?
3, 919, 3659
What are the prime factors of 164167?
181, 907
What are the prime factors of 623616?
2, 3, 7, 29
List the prime factors of 253505.
5, 7, 7243
What are the prime factors of 15165026?
2, 491, 15443
What are the prime factors of 482575?
5, 97, 199
What are the prime factors of 736480?
2, 5, 4603
What are the prime factors of 144769?
71, 2039
List the prime factors of 2437579.
17, 143387
What are the prime factors of 2747848?
2, 343481
List the prime factors of 271784.
2, 53, 641
List the prime factors of 3060145.
5, 11, 55639
List the prime factors of 2640801.
3, 37, 643
What are the prime factors of 2200353?
3, 37, 43, 461
What are the prime factors of 705906?
2, 3, 39217
What are the prime factors of 1117209?
3, 31, 41, 293
What are the prime factors of 26261424?
2, 3, 7, 26053
What are the prime factors of 22326660?
2, 3, 5, 71, 1747
What are the prime factors of 46849?
11, 4259
List the prime factors of 1435731.
3, 11, 139, 313
What are the prime factors of 174701?
41, 4261
What are the prime factors of 1737894?
2, 3, 107, 2707
What are the prime factors of 254963?
254963
What are the prime factors of 1666349?
163, 10223
List the prime factors of 8280408.
2, 3, 345017
What are the prime factors of 749977?
797, 941
List the prime factors of 7242206.
2, 3621103
What are the prime factors of 17163?
3, 1907
What are the prime factors of 56205?
3, 5, 1249
What are the prime factors of 2064094?
2, 1032047
List the prime factors of 240449.
11, 21859
What are the prime factors of 1496847?
3, 11, 67, 677
List the prime factors of 606693.
3, 202231
List the prime factors of 5040421.
47, 107243
What are the prime factors of 611208?
2, 3, 13, 653
List the prime factors of 944095.
5, 17, 29, 383
List the prime factors of 2724052.
2, 773, 881
What are the prime factors of 3772837?
67, 56311
List the prime factors of 7676687.
23, 333769
What are the prime factors of 48775?
5, 1951
What are the prime factors of 4192319?
17, 246607
What are the prime factors of 102838?
2, 51419
What are the prime factors of 3901699?
1301, 2999
List the prime factors of 135407.
43, 47, 67
What are the prime factors of 4103362?
2, 41, 163, 307
What are the prime factors of 3300978?
2, 3, 550163
List the prime factors of 4008621.
3, 139, 9613
List the prime factors of 27202676.
2, 6800669
What are the prime factors of 747375?
3, 5, 1993
List the prime factors of 613647.
3, 41, 1663
What are the prime factors of 932580?
2, 3, 5, 11, 157
List the prime factors of 5374522.
2, 2687261
What are the prime factors of 4255466?
2, 2127733
What are the prime factors of 9763836?
2, 3, 29, 28057
What are the prime factors of 11123127?
3, 937, 1319
What are the prime factors of 464062?
2, 331, 701
What are the prime factors of 3695835?
3, 5, 11, 13, 1723
What are the prime factors of 32335940?
2, 5, 7, 13, 109, 163
List the prime factors of 1443062.
2, 17, 42443
List the prime factors of 4332487.
23, 188369
What are the prime factors of 19947181?
37, 539113
What are the prime factors of 47673?
3, 5297
List the prime factors of 8013783.
3, 17, 157133
List the prime factors of 405088.
2, 12659
What are the prime factors of 649332?
2, 3, 17, 1061
What are the prime factors of 3659589?
3, 149, 2729
What are the prime factors of 185605?
5, 7, 5303
What are the prime factors of 1139964?
2, 3, 7, 41, 331
What are the prime factors of 1068849?
3, 31, 1277
List the prime factors of 428661.
3, 47629
List the prime factors of 44965.
5, 17, 23
List the prime factors of 1617904.
2, 101119
What are the prime factors of 1520?
2, 5, 19
What are the prime factors of 12707?
97, 131
What are the prime factors of 714285?
3, 5, 11, 13, 37
List the prime factors of 143227.
7, 37, 79
List the prime factors of 3919707.
3, 11, 17, 137
What are the prime factors of 6193664?
2, 12097
List the prime factors of 257662.
2, 128831
What are the prime factors of 1811801?
661, 2741
List the prime factors of 25663.
11, 2333
List the prime factors of 545215.
5, 11, 23, 431
List the prime factors of 362803.
7, 51829
What are the prime factors of 1163876?
2, 7, 197, 211
What are the prime factors of 3418847?
227, 15061
List the prime factors of 225165.
3, 5, 17, 883
What are the prime factors of 99170?
2, 5, 47, 211
List the prime factors of 259182.
2, 3, 7, 11, 17
What are the prime factors of 371766?
2, 3, 61961
What are the prime factors of 282566?
2, 141283
List the prime factors of 32927528.
2, 29, 71, 1999
List the prime factors of 18873123.
3, 6291041
List the prime factors of 77066.
2, 11, 31, 113
What are the prime factors of 14756356?
2, 71, 223, 233
List the prime factors of 544421.
563, 967
List the prime factors of 470914.
2, 241, 977
List the prime factors of 3999720.
2, 3, 5, 33331
List the prime factors of 381776.
2, 107, 223
What are the prime factors of 163413?
3, 67, 271
What are the prime factors of 10156783?
7, 13, 239, 467
List the prime factors of 219318.
2, 3, 11, 3323
List the prime factors of 586233.
3, 53, 1229
What are the prime factors of 243424?
2, 7607
What are the prime factors of 1596043?
1596043
What are the prime factors of 9785687?
113, 86599
What are the prime factors of 4467427?
1471, 3037
What are the prime factors of 145808?
2, 13, 701
What are the prime factors of 468452?
2, 17, 83
What are the prime factors of 99038?
2, 23, 2153
What are the prime factors of 5642778?
2, 3, 89, 10567
List the prime factors of 17846916.
2, 3, 131, 11353
List the prime factors of 18952438.
2, 9476219
What are the prime factors of 1276676?
2, 319169
What are the prime factors of 990566?
2, 223, 2221
List the prime factors of 3897006.
2, 3, 649501
List the prime factors of 2328200.
2, 5, 7, 1663
List the prime factors of 65665.
5, 23, 571
What are the prime factors of 2593170?
2, 3, 5, 28813
What are the prime factors of 2039437?
2039437
What are the prime factors of 294696?
2, 3, 4093
What are the prime factors of 284808?
2, 3, 11867
List the prime factors of 967653.
3, 35839
List the prime factors of 6346871.
113, 56167
List the prime factors of 8473791.
3, 19, 148663
List the prime factors of 1871517.
3, 623839
List the prime factors of 3613075.
5, 43, 3361
List the prime factors of 8772962.
2, 11, 398771
List the prime factors of 6336781.
11, 43, 13397
What are the prime factors of 114983?
11, 10453
What are the prime factors of 17305199?
29, 409, 1459
What are the prime factors of 26291449?
26291449
List the prime factors of 9397701.
3, 181, 641
What are the prime factors of 1063437?
3, 354479
List the prime factors of 7091106.
2, 3, 11, 107441
What are the prime factors of 10149677?
43, 193, 1223
List the prime factors of 225365.
5, 7, 47, 137
What are the prime factors of 1513820?
2, 5, 7, 11, 983
List the prime factors of 25587.
3, 2843
List the prime factors of 185197.
41, 4517
List the